 = w(o) - 4*x(o). Calculate v(-1).
-10
Let r = -35 - -31. Let v be (0 + r/4)*(-1 - -5). Let o(a) = -a**2 - 4*a + 5. Determine o(v).
5
Let b(f) = f**3 - 6*f**2 + 2*f - 5. Let x = 51 - 78. Let z be (x/3)/1*(-8)/12. Determine b(z).
7
Let x(c) = c**3 + 1. Let g be 12/5 - 9/(-15). Suppose -3*k - 7 = -5*z, 4 = -5*z + k + g. Determine x(z).
0
Let v(t) = 2*t**2 + 9 + t**2 + 6*t - 2*t**2. Let p = 28 + -20. Suppose -4*j - 4*w = p, -2*w - 10 = 5*j + 12. Give v(j).
9
Let r(h) = -3*h**2 + h + 4. Let s(t) = -5*t + 13. Let v be s(3). Give r(v).
-10
Suppose 5*h + 20 = 45. Suppose 0 = -r + h + 1. Suppose 4*s + 10 = -r. Let y(v) = -v**2 - 6*v - 2. Determine y(s).
6
Let a(t) = 9*t - 2. Let h(z) = 2*z**2. Let p be h(-1). Let q be a(p). Let n = q + -10. Let s(g) = g**3 - 6*g**2 - g - 1. What is s(n)?
-7
Suppose 10*s + 3*s - 39 = 0. Let m(o) = o**2 - o + 2 - 1 - o + 1. What is m(s)?
5
Let u(n) be the third derivative of -n**4/8 - 4*n**3/3 + 133*n**2. Determine u(-6).
10
Let s(j) = 3 + 1 - 496*j - j**2 + 489*j. What is s(-6)?
10
Let s(j) = 2*j - 6. Let w(y) = -10 + 13 + 13 + y. Let u be w(-11). Suppose 3*z + 4*i - 10 - 25 = 0, 0 = -z - u*i + 30. Give s(z).
4
Let n = -16 - -19. Suppose -s - 3*i = -4*s - 6, 4*i - 11 = n*s. Let y be ((-15)/(-25))/(s/15). Let b(q) = -2*q - 3. Give b(y).
-9
Let c(q) = -q**2 - 10*q**3 - 7*q**3 + 33*q**3 + q - 5*q**3 - 12*q**3 + 5. Determine c(0).
5
Suppose 4*o = 8*o + 12. Let q be (-3)/o*(2 + -1). Let a be q*(-2)/((-4)/10). Let w(y) = y**2 - 6*y + 2. Give w(a).
-3
Let x = -40 + 42. Let w(p) = 3*p + 0*p**x - 11*p**2 - p**3 + p - 3*p + 9. Determine w(-11).
-2
Let u be 0*-2*3/6. Let y(s) = s**3 - s**2. Calculate y(u).
0
Let r(b) = -1 + 64*b - 69*b - 4 - 9*b**3 - 3*b**2 + 2. Determine r(-1).
8
Let b(n) = n**2 - 8*n - 4. Let t be b(9). Let z(s) = -s**2 - 4*s + 6. Let q(p) = -p**2 + p - 1. Let w(u) = t*q(u) + z(u). Determine w(-1).
-6
Let x(y) = 1 - 131*y - 118*y + 260*y. Let o(a) = -a - 5. Let u be o(-4). Give x(u).
-10
Let k be 1 + 27/(-2 - 1). Let c be -5*(1/(-7) - k/(-140)). Let a(u) = 5*u**2 + u - 1. Determine a(c).
5
Let a(t) = -t - 13. Let b(l) = -l**3 + 50*l**2 + 2*l - 104. Let u be b(50). Determine a(u).
-9
Suppose 13*h = 10*h + 18. Let s(n) be the first derivative of -3/2*n**2 + 7*n + 2. Calculate s(h).
-11
Let u(l) = l**2 - l - 1. Suppose 427*h = 432*h - 5*m - 40, -5*h - 2*m + 26 = 0. Give u(h).
29
Let p(a) = 31*a - 2 - 6*a - 6*a - 4*a - 8*a. Give p(-1).
-9
Let d(b) be the second derivative of -3*b**4/4 - b**3/3 - b**2/2 + b. Suppose -5*c - 5*j - 10 = 0, -c - 120 = -5*j - 124. What is d(c)?
-8
Let n(f) = -f**3 - 2*f**2 - f - 1. Suppose 0 = -26*t - 81 + 3. Determine n(t).
11
Let b(t) = -4 + 184*t + 26 - 89*t - 93*t. Calculate b(-7).
8
Let a(y) be the third derivative of y**8/20160 - y**7/560 + y**6/60 + 8*y**5/15 - 47*y**2. Let w(r) be the third derivative of a(r). Determine w(8).
4
Let a = -32 - -35. Let o(w) = 67*w**2 - 2*w**3 + 2 - 62*w**2 + 3*w + 2*w**a + w**3. What is o(-4)?
6
Let o be -3*1*(-5)/15. Let m be o/(-1) + (-4 - -4). Let h(a) = 4*a + 1. Give h(m).
-3
Let j(g) = g**2 + 4*g - 8. Let p(x) = -x**3 + 14*x**2 + 16*x - 22. Let r be p(15). Calculate j(r).
13
Let p(j) = 2*j**3 + 15*j**2 - 6*j + 15. Let n be p(-8). Let t(o) = -23*o - 1. Determine t(n).
22
Let z(i) = 5*i + 1. Suppose 28*x - 26 = 114. Determine z(x).
26
Let r(v) = -v**2 + 3*v + 3. Suppose -5*f - 4 = -4*f - 3*n, 4*n = 5*f + 20. Let m = -1 - f. Calculate r(m).
3
Let z(y) = -y**3 + y**2 + y - 1. Let f be z(0). Let m(g) be the third derivative of g**6/40 - g**4/24 - 7*g**2. What is m(f)?
-2
Let w(z) = z**3 + 4*z**2 + z - 4. Let s be w(-3). Let l(n) = 3*n - n**2 + n**2 + 0 - 8 + n**s. Let b(c) = c**3 - 6*c**2 - 9*c + 8. Let o be b(7). What is l(o)?
10
Let x(l) = -l**3 - 6*l**2 - 4. Let g(o) = 6*o - 5 + 11*o - 6*o. Let m(f) = 39*f - 18. Let u(r) = 18*g(r) - 5*m(r). Let w be u(-2). Calculate x(w).
-4
Let s be 11 - 6*(-8)/(-24). Let l(u) = -u**3 + 9*u**2 - 10. Determine l(s).
-10
Let w(k) = -10*k - 3. Suppose -3*d = -62 + 71. Give w(d).
27
Suppose 0 = 2*i + 4*p - p - 15, 5*p = 4*i + 25. Suppose i = z - 6 + 9. Let n(o) = 2*o + 3. What is n(z)?
-3
Let p(k) = -3*k - 5. Let l(v) = -2*v - 3. Let h be ((-2)/4)/((-2)/24). Suppose -h*t + t = -25. Let x(i) = t*l(i) - 3*p(i). Calculate x(2).
-2
Let j(f) = -f**2 - 10*f - 20. Let v be j(-6). Let d(x) = x**3 - 3*x**2 - 6*x + 6. Give d(v).
-2
Let p(q) = -38 + 34 - 3*q + 4*q. Let a(d) = d - 3. Let h be a(11). Give p(h).
4
Let h(t) = 3*t**2 - 3*t + 6. Let g be (-5)/(-30)*-2*-6. Let j(u) = -7*u**2 + 7*u - 13. Let v(w) = g*j(w) + 5*h(w). Determine v(0).
4
Let n(c) = c**2 - 3*c + 1. Let o(z) = -z**2 - 9*z + 3. Let p be o(-9). Let v(y) = 3*y**2 - 8*y + 2. Let t(i) = p*v(i) - 8*n(i). Calculate t(-2).
2
Let c(o) = -o**3 + 13*o**2 + 13*o + 9. Let z be (0 + 4 - -2)/(15/35). Calculate c(z).
-5
Let r(x) = -7*x**2 - 3*x - 2. Suppose -339 = -3*w - 342. Calculate r(w).
-6
Let u = 16 + -14. Let q(o) = -1 + 167*o - 158*o + u. Suppose 3*r - 2*r + 1 = 0. Calculate q(r).
-8
Let q(v) = 11*v + 1. Let u be (-8)/2 + -10 + 10 + 3. Give q(u).
-10
Let v = -3 + 3. Suppose 3*q + v + 18 = 0. Let b(l) be the first derivative of l**4/4 + 7*l**3/3 + 4*l**2 + 4*l - 698. Give b(q).
-8
Let w(k) be the first derivative of 0*k**2 + 5*k - 1/3*k**3 + 34. Let a(v) = v**2 + 4*v - 1. Let n be a(-5). Calculate w(n).
-11
Let r(s) = 3*s - 4. Let x = 34 + -33. Suppose -v - x = -4. Determine r(v).
5
Let x(p) = -p**3 - 9*p**2 - 7*p + 18. Let s be x(-8). Let d(o) = -o**2 + 6*o + 36. Calculate d(s).
-4
Let c(m) = -2 - 5 + 11 - 3 + 15*m. Give c(1).
16
Let i(h) = -h + 12. Let p = 930 - 926. What is i(p)?
8
Let v(q) = 2*q - 2. Let f be 267/39 - ((-164)/52 - -3). Suppose -f*x - 15 = 4*c - 8*x, -6 = -2*c - 4*x. What is v(c)?
-8
Suppose -28 = s - 4*g, 4*s - 3*g + 109 - 10 = 0. Let r be -2*((-38)/(-16) - 3/s). Let x(o) = -6*o**2 - 6*o + 4*o**3 - o**3 - 4*o**3 - 7. Calculate x(r).
-2
Let x(u) be the third derivative of u**4/12 - 11*u**3/2 - 362*u**2 + 2. What is x(19)?
5
Let u be (0 - 2/(-4)) + 3/(-6). Let l(t) = 3*t + 5 + 2*t - 4*t + u*t + t**2 - t**3. What is l(0)?
5
Let o be 1/(-2)*(5 - -5) - -1. Let d(s) = s**2 - 4*s - 4. Let k(z) = 8 - 2*z**2 + 9*z + 3 - 3. Let h(b) = o*k(b) - 9*d(b). Determine h(4).
-12
Let o(m) be the third derivative of 0*m - 2/15*m**5 - 4/3*m**3 - 1/120*m**6 - 3/8*m**4 + 38*m**2 + 0. Calculate o(-7).
6
Let g(i) = -9*i - 6. Let p(c) = -c**2 + 17*c + 12. Let f(j) = 5*g(j) + 2*p(j). Calculate f(-5).
-1
Let t(d) = 20*d + 15. Let b(y) = -5*y - 4. Let h(f) = 15*b(f) + 4*t(f). Let p be 5/(-20) + 10/8. Let c(x) = -x**3. Let j be c(p). Determine h(j).
-5
Let m(s) = 3599*s + 3602*s - 7204*s + 11. Give m(5).
-4
Let d(h) = 4*h**2 - h - 1. Let g(w) = -w**2 + 6*w + 29. Suppose -15*t + 13*t = -18. Let q be g(t). What is d(q)?
13
Let g(c) = c**3 + 4*c**2 - 6*c - 2. Let z = 1081 + -1085. Give g(z).
22
Let h be (-26)/(-10) + 272/(-170). Let g(b) = -4*b**2 + 2*b - 1. Give g(h).
-3
Let c be (-42*(-3)/30)/((-75)/(-250)). Let o(v) = -v**3 + 14*v**2 + 3*v - 48. Give o(c).
-6
Let b(l) = -36*l - 42. Let r(d) = 7*d + 9. Let y(v) = 4*b(v) + 21*r(v). Determine y(-8).
-3
Let w be (-2 - 4)/((-2)/(-3)). Let c(g) = 3*g**2 + g - 1. Let r(i) = -13*i**2 - 5*i + 5. Let x(y) = w*c(y) - 2*r(y). Calculate x(-2).
-7
Let n(b) be the first derivative of -b**4/4 + 2*b**3 - 7*b**2/2 + 5*b + 1. Suppose 11*v - 159 + 115 = 0. What is n(v)?
9
Let a(r) = 30*r - 14 + 33*r - 64*r. What is a(-12)?
-2
Let l be 10/3*(10 - 13). Let d be (-51)/85 - (-14)/l. Let j(n) = n**3 + 4*n**2 + 3*n + 3. What is j(d)?
5
Let b(k) = -2*k - 6. Let s be b(-4). Let l(h) = -h**2 + 13*h - 20. Let j be l(10). Let x(r) = s + 1 - j*r + 4*r + 7*r. Give x(0).
3
Let t(d) = -7*d - 1. Let j be t(-1). Let r = 3 - j. Let k(p) = p + 1. Let a(s) = -s + 2. Let y(z) = -a(z) - 2*k(z). What is y(r)?
-1
Let x be (1/(-2))/((-1)/(-2)). Let f(m) = -3*m + 17. Let l(h) = -h + 6. Let g(i) = 6*f(i) - 17*l(i). Let z(s) = -3*s - 4. Let j(u) = x*z(u) + 2*g(u). Give j(0).
4
Suppose x = -2*l, 0 = -2*l - 4 - 0. Let b(m) = 2 - 3*m**3 + 4*m**3 + 2*m - 3*m - 4*m**2 - x. Let w = -6 - -10. Give b(w).
-6
Let l(q) = q + 10. Suppose 518*k - 519*k = 0. Determine l(k).
10
Let o(j) = -j**3 - 3*j**2 + 3*j + 3. Let z = 9 - 59. Let f = -54 - z. Calculate o(f).
7
Let i(y) = -2*y**